{"id":13,"date":"2025-08-02T14:04:20","date_gmt":"2025-08-02T14:04:20","guid":{"rendered":"http:\/\/roaprocoinsa.es\/?page_id=13"},"modified":"2025-08-04T14:29:37","modified_gmt":"2025-08-04T14:29:37","slug":"conjunto-residencial-el-campanario-del-paraiso","status":"publish","type":"page","link":"http:\/\/roaprocoinsa.es\/index.php\/conjunto-residencial-el-campanario-del-paraiso","title":{"rendered":"Conjunto residencial \u00abEl Campanario del Para\u00edso\u00bb"},"content":{"rendered":"\n<p class=\"is-style-text-subtitle is-style-text-subtitle--1\">Estepona (M\u00e1laga)<\/p>\n\n\n<p style=\"text-align: justify;\">En Guadalmina Alta de Estepona, entre las lujosas urbanizaciones del Campanario Real y el Hotel El Para\u00edso y rodeado de los mejores campos de Golf para los amantes de este deporte, se encuentra este Complejo Residencial situado en una zona elevada privilegiada que desciende levemente hacia el Sur\/Este, con preciosas vistas a la monta\u00f1a y al mar. Situado a unos 600 metros al Norte de la CN340 y 800m de la playa, a 14 km de Marbella y 8 km de Puerto Ban\u00fas en direcci\u00f3n Este y Estepona a 12 km en direcci\u00f3n Oeste.<\/p>\n\n\n<h2 class=\"wp-block-heading\">APARTAMENTOS<\/h2>\n\n\n\n<div class=\"wp-block-columns is-layout-flex wp-container-core-columns-is-layout-28f84493 wp-block-columns-is-layout-flex\">\n<div class=\"wp-block-column is-layout-flow wp-block-column-is-layout-flow\" style=\"flex-basis:66.66%\">\n<p style=\"text-align: justify;\">En el centro del Complejo se encuentra este Conjunto de Viviendas que consta de 98 Apartamentos divididos en 4 bloques.<\/p>\n\n\n\n<p style=\"text-align: justify;\">Todos los Apartamentos tienen orientaci\u00f3n Sur y con vistas a los jardines o piscina del complejo.<br>Cada apartamento tiene una amplia terraza, 1 o 2 dormitorios con sus ba\u00f1os (algunos tienen una habitaci\u00f3n en el semis\u00f3tano con entrada independiente, y otros con terraza sol\u00e1rium, Sal\u00f3n-comedor, cocina completa con su \u00e1rea de lavadero exterior. Plaza de garaje interior incluida.<\/p>\n<\/div>\n\n\n\n<div class=\"wp-block-column is-layout-flow wp-block-column-is-layout-flow\" style=\"flex-basis:33.33%\">\n<figure class=\"wp-block-image size-large\"><img loading=\"lazy\" decoding=\"async\" width=\"1024\" height=\"768\" src=\"http:\/\/roaprocoinsa.es\/wp-content\/uploads\/2025\/08\/Apartamentos-1024x768.jpg\" alt=\"\" class=\"wp-image-74\" srcset=\"http:\/\/roaprocoinsa.es\/wp-content\/uploads\/2025\/08\/Apartamentos-1024x768.jpg 1024w, http:\/\/roaprocoinsa.es\/wp-content\/uploads\/2025\/08\/Apartamentos-300x225.jpg 300w, http:\/\/roaprocoinsa.es\/wp-content\/uploads\/2025\/08\/Apartamentos-768x576.jpg 768w, http:\/\/roaprocoinsa.es\/wp-content\/uploads\/2025\/08\/Apartamentos.jpg 1204w\" sizes=\"auto, (max-width: 1024px) 100vw, 1024px\" \/><\/figure>\n<\/div>\n<\/div>\n\n\n\n<p><\/p>\n","protected":false},"excerpt":{"rendered":"<p>Estepona (M\u00e1laga) En Guadalmina Alta de Estepona, entre las lujosas urbanizaciones del Campanario Real y el Hotel El Para\u00edso y rodeado de los mejores campos de Golf para los amantes de este deporte, se encuentra este Complejo Residencial situado en una zona elevada privilegiada que desciende levemente hacia el Sur\/Este, con preciosas vistas a la [&hellip;]<\/p>\n","protected":false},"author":1,"featured_media":27,"parent":0,"menu_order":0,"comment_status":"closed","ping_status":"closed","template":"","meta":{"footnotes":""},"class_list":["post-13","page","type-page","status-publish","has-post-thumbnail","hentry"],"_links":{"self":[{"href":"http:\/\/roaprocoinsa.es\/index.php\/wp-json\/wp\/v2\/pages\/13","targetHints":{"allow":["GET"]}}],"collection":[{"href":"http:\/\/roaprocoinsa.es\/index.php\/wp-json\/wp\/v2\/pages"}],"about":[{"href":"http:\/\/roaprocoinsa.es\/index.php\/wp-json\/wp\/v2\/types\/page"}],"author":[{"embeddable":true,"href":"http:\/\/roaprocoinsa.es\/index.php\/wp-json\/wp\/v2\/users\/1"}],"replies":[{"embeddable":true,"href":"http:\/\/roaprocoinsa.es\/index.php\/wp-json\/wp\/v2\/comments?post=13"}],"version-history":[{"count":3,"href":"http:\/\/roaprocoinsa.es\/index.php\/wp-json\/wp\/v2\/pages\/13\/revisions"}],"predecessor-version":[{"id":91,"href":"http:\/\/roaprocoinsa.es\/index.php\/wp-json\/wp\/v2\/pages\/13\/revisions\/91"}],"wp:featuredmedia":[{"embeddable":true,"href":"http:\/\/roaprocoinsa.es\/index.php\/wp-json\/wp\/v2\/media\/27"}],"wp:attachment":[{"href":"http:\/\/roaprocoinsa.es\/index.php\/wp-json\/wp\/v2\/media?parent=13"}],"curies":[{"name":"wp","href":"https:\/\/api.w.org\/{rel}","templated":true}]}}